 472149?
False
Is 12 a factor of 222456?
True
Is 261 a factor of 305845?
False
Is 3349827 a multiple of 255?
False
Is 6 a factor of 244365?
False
Is 99 a factor of 13333?
False
Is 925353 a multiple of 263?
False
Is 229119 a multiple of 21?
False
Does 1252 divide 2994784?
True
Is 61268 a multiple of 2?
True
Is 12 a factor of 369325?
False
Does 1520 divide 5816633?
False
Does 160 divide 26720?
True
Does 245 divide 1653995?
True
Is 10 a factor of 75290?
True
Does 770 divide 10074149?
False
Does 17 divide 28611?
True
Does 11 divide 50336?
True
Is 10138838 a multiple of 342?
False
Does 21 divide 69678?
True
Is 30030 a multiple of 26?
True
Does 41 divide 941606?
True
Is 117936 a multiple of 33?
False
Is 21 a factor of 2660639?
False
Is 195 a factor of 21846630?
True
Is 12453843 a multiple of 12?
False
Does 49 divide 203742?
True
Does 357 divide 226501?
False
Is 6 a factor of 202195?
False
Does 147 divide 47922?
True
Does 690 divide 9367263?
False
Is 138049 a multiple of 14?
False
Is 7190472 a multiple of 266?
False
Does 4 divide 1030996?
True
Is 451053 a multiple of 3?
True
Does 83 divide 2641890?
True
Does 25 divide 389033?
False
Is 93826 a multiple of 5?
False
Is 111 a factor of 68345?
False
Is 97266 a multiple of 3?
True
Is 98 a factor of 3426864?
True
Does 16 divide 7694400?
True
Does 31 divide 122233?
True
Is 16333 a multiple of 75?
False
Does 19 divide 13247522?
True
Is 4 a factor of 109957?
False
Is 1871904 a multiple of 3?
True
Does 45 divide 6726?
False
Is 4918307 a multiple of 6?
False
Is 2039607 a multiple of 200?
False
Is 3 a factor of 50529?
True
Is 105 a factor of 68639?
False
Is 777121 a multiple of 253?
False
Is 32 a factor of 1353079?
False
Is 577884 a multiple of 10?
False
Is 141 a factor of 300009?
False
Does 83 divide 94478?
False
Does 22 divide 2337104?
True
Is 55 a factor of 159390?
True
Is 7032424 a multiple of 664?
True
Does 4 divide 370702?
False
Is 184 a factor of 948336?
True
Does 10 divide 5025880?
True
Is 10263281 a multiple of 31?
False
Is 59 a factor of 247682?
True
Is 147909 a multiple of 20?
False
Is 9000 a multiple of 12?
True
Does 387 divide 1481049?
True
Is 2745373 a multiple of 6?
False
Is 15 a factor of 1087515?
True
Does 240 divide 318960?
True
Does 115 divide 137770?
True
Does 290 divide 13346960?
True
Does 14 divide 164587?
False
Is 41 a factor of 2343261?
False
Is 14 a factor of 521809?
False
Is 2 a factor of 10241?
False
Does 4 divide 191772?
True
Is 6285739 a multiple of 63?
False
Is 11 a factor of 686990?
False
Is 460055 a multiple of 26?
False
Does 27 divide 6027966?
True
Is 919968 a multiple of 37?
True
Is 77 a factor of 35166?
False
Is 3 a factor of 268039?
False
Is 8 a factor of 1152?
True
Is 4 a factor of 761268?
True
Does 10 divide 1024587?
False
Is 95 a factor of 51205?
True
Is 12508330 a multiple of 136?
False
Is 2476062 a multiple of 9?
True
Is 213900 a multiple of 5?
True
Is 40 a factor of 234899?
False
Is 30130 a multiple of 14?
False
Is 60 a factor of 3977160?
True
Does 8 divide 186419?
False
Is 244964 a multiple of 47?
True
Is 105 a factor of 1321845?
True
Is 29 a factor of 2414105?
True
Does 23 divide 951050?
True
Is 12511631 a multiple of 26?
False
Is 39 a factor of 1840488?
True
Is 274967 a multiple of 9?
False
Does 6 divide 4082628?
True
Is 3120264 a multiple of 21?
True
Is 5319625 a multiple of 5?
True
Does 194 divide 468911?
False
Does 11 divide 4598561?
True
Does 61 divide 783484?
True
Does 30 divide 160980?
True
Is 7989361 a multiple of 573?
False
Is 3 a factor of 248012?
False
Does 213 divide 4934571?
True
Does 5 divide 110069?
False
Is 8 a factor of 19856?
True
Is 243847 a multiple of 67?
False
Is 43 a factor of 730352?
False
Does 103 divide 2175784?
False
Is 20043920 a multiple of 1040?
True
Is 518 a factor of 79254?
True
Is 60 a factor of 226099?
False
Does 140 divide 1088780?
True
Is 4721106 a multiple of 444?
False
Does 59 divide 2901975?
False
Is 2178530 a multiple of 73?
False
Is 3 a factor of 2865597?
True
Is 14354792 a multiple of 86?
False
Is 363792 a multiple of 159?
True
Is 25 a factor of 4230550?
True
Is 2571276 a multiple of 188?
True
Does 542 divide 1405913?
False
Is 298273 a multiple of 379?
True
Does 7 divide 667646?
True
Is 8 a factor of 5636088?
True
Is 37 a factor of 32116?
True
Is 943280 a multiple of 52?
True
Is 4 a factor of 1003138?
False
Is 38 a factor of 668306?
True
Is 154 a factor of 1001462?
True
Is 234458 a multiple of 13?
False
Is 1129266 a multiple of 18?
True
Is 103 a factor of 13220565?
True
Is 689630 a multiple of 1302?
False
Is 375 a factor of 3972763?
False
Does 74 divide 1080696?
True
Does 471 divide 352779?
True
Is 41 a factor of 17369?
False
Is 90 a factor of 1850561?
False
Does 12 divide 37506?
False
Is 263039 a multiple of 12?
False
Is 187764 a multiple of 89?
False
Does 264 divide 188824?
False
Does 221 divide 36623?
False
Is 10 a factor of 1352683?
False
Is 2 a factor of 32830?
True
Is 49 a factor of 1179196?
False
Does 117 divide 1370772?
True
Is 49 a factor of 8236753?
True
Is 3647910 a multiple of 17?
False
Is 12 a factor of 165044?
False
Is 9 a factor of 10941?
False
Is 9675523 a multiple of 11?
True
Is 67 a factor of 1871243?
True
Is 1217809 a multiple of 2?
False
Is 594 a factor of 2845659?
False
Is 327 a factor of 207645?
True
Is 353 a factor of 7133424?
True
Does 1924 divide 3867422?
False
Does 19 divide 23683?
False
Does 9 divide 654423?
False
Does 8 divide 1925504?
True
Does 16 divide 1609127?
False
Does 131 divide 395624?
False
Does 86 divide 135208?
False
Is 209096 a multiple of 258?
False
Is 770 a factor of 1958110?
True
Is 847550 a multiple of 22?
True
Is 138 a factor of 1611978?
True
Does 33 divide 119559?
True
Does 82 divide 949232?
True
Is 1716875 a multiple of 125?
True
Is 768516 a multiple of 7?
True
Is 1274292 a multiple of 342?
True
Is 14 a factor of 897162?
True
Does 241 divide 180797?
False
Is 1295445 a multiple of 2?
False
Is 21 a factor of 119890?
False
Is 11304 a multiple of 6?
True
Does 50 divide 27800?
True
Is 33720 a multiple of 20?
True
Is 151922 a multiple of 151?
False
Is 3547332 a multiple of 467?
True
Does 171 divide 33516?
True
Does 2 divide 16615?
False
Is 287871 a multiple of 11?
False
Is 5 a factor of 603406?
False
Is 4816005 a multiple of 15?
True
Does 157 divide 2641554?
False
Is 5 a factor of 1040992?
False
Is 13 a factor of 715545?
False
Is 972 a factor of 3006593?
False
Is 3120320 a multiple of 448?
True
Is 119575 a multiple of 5?
True
Is 33 a factor of 81481?
False
Is 521085 even?
False
Does 4 divide 643138?
False
Is 173 a factor of 4295071?
True
Does 240 divide 648720?
True
Does 9 divide 521596?
False
Is 150 a factor of 17400?
True
Does 624 divide 1758030?
False
Is 91632 a multiple of 166?
True
Is 2569167 a multiple of 23?
False
Is 12480424 a multiple of 139?
False
Is 18907938 a multiple of 18?
True
Is 87 a factor of 196058?
False
Is 878211 even?
False
Does 438 divide 330690?
True
Does 6 divide 448518?
True
Does 1396 divide 5540724?
True
Does 15 divide 407265?
True
Is 1275774 a multiple of 361?
True
Does 6 divide 1057850?
False
Is 17709401 a multiple of 29?
True
Is 3 a factor of 2107364?
False
Is 2 a factor of 396497?
False
Does 206 divide 209708?
True
Is 140 a factor of 217305?
False
Is 15 a factor of 275083?
False
Is 14 a factor of 3376646?
True
Does 405 divide 141536?
False
Does 8 divide 306572?
False
Is 10983 a multiple of 21?
True
Does 25 divide 2608654?
False
Is 224 a factor of 940128?
True
Is 47 a factor of 438275?
True
Is 57 a factor of 97420?
False
Is 19 a factor of 3543781?
False
Does 26 divide 147758?
True
Does 79 divide 458339?
False
Is 31 a factor of 12865?
True
Is 1289 a factor of 15745135?
True
Is 1215690 a multiple of 23?
False
Does 23 divide 68809?
False
Is 167 a factor of 480459?
True
Is 3 a factor of 597600?
True
Is 5852 a multiple of 4?
True
Does 24 divide 77568?
True
Is 155487 a multiple of 41?
False
Does 20 divide 365300?
True
Is 1374068 a multiple of 327?
False
Is 1372007 a multiple of 391?
False
Is 1316247 a multiple of 117?
False
Is 246957 a multiple of 317?
False
Does 9 divide 2177928?
True
Is 5 a factor of 61078?
False
Does 495 divide 1162159?
False
Is 7 a factor of 325349?
False
Is 821842 a multiple of 13?
False
Is 13 a factor of 259298?
True
Is 46948 a multiple o